te the highest common divisor of r and k.
4
Suppose 16*q + 63124 = 64020. What is the highest common divisor of q and 4648?
56
Let l = 2176 + -1010. Let k be ((-1)/(2/5))/((-475)/4180). Calculate the greatest common divisor of k and l.
22
Let v be -46 - -693 - (-1)/((-1)/3). Calculate the highest common factor of v and 23.
23
Let w(c) = c**3 + 64*c**2 - 102*c + 163. Let b be w(-62). What is the highest common factor of 300 and b?
75
Let i = 8085 - 8172. Let j = 434 - 299. Let w = j + i. Calculate the greatest common divisor of w and 16.
16
Let f(m) = -2*m**3 + 20*m**2 - 11*m + 8. Let h be f(8). Let t = h + -80. Calculate the highest common divisor of t and 32.
32
Let b = -242 + 307. Suppose -9*z + 4*u = -10*z + b, 2*z + 2*u = 160. Calculate the highest common factor of 10 and z.
5
Suppose -2*a + 874 = -189 - 377. What is the greatest common divisor of 276 and a?
12
Let p be (-4)/(224/13923) - (-6)/(-16). Let j = -199 - p. Calculate the highest common factor of 200 and j.
50
Suppose 2*u - u + 6 = 4*h, -u - h - 6 = 0. Let r be 6 - u - (-4)/(-1). Calculate the highest common factor of 60 and r.
4
Let l be (2 - 12 - -9) + 9. What is the highest common divisor of 50 and l?
2
Suppose 2*i + o = 176, -6*i - 3*o + 348 = -2*i. Let x be 40/(-45)*-3*i/4. Calculate the highest common divisor of x and 140.
20
Let h(m) = -7 + 34 + m**2 - 59 + 8*m. Let w be h(-14). Calculate the highest common factor of 468 and w.
52
Let u = 13209 - 13207. Let c(f) = f**2 - 7*f + 9. Let a be c(6). Calculate the highest common divisor of u and a.
1
Suppose -85 + 785 = -4*v + 5*m, -4*m = 0. Let k = v - -813. Calculate the highest common factor of k and 58.
58
Let v = -778 + 841. Let n be 6/(-24) - 241/(-4). Let p = n + -18. What is the highest common factor of v and p?
21
Let w(s) = s - 11. Let f be w(9). Let j be (-1)/f*(0 - -2). Let h(t) = 95*t**2 + 1. Let u be h(j). What is the greatest common divisor of 64 and u?
32
Let d(f) = -3*f**3 + f**2 - 2. Let z be ((-8)/(-36) - 3/(-27))*-3. Let m be d(z). Let q be ((-15)/(-6) + -2)*m. Calculate the highest common factor of 5 and q.
1
Suppose 740*u = 682*u + 4872. What is the highest common divisor of 804 and u?
12
Let d be -4 + (-4 - -183) + 2. Suppose 0 = 15*j - d - 153. What is the greatest common divisor of 55 and j?
11
Let v be (250/15 + -3)/((-7)/(-21)). Let h(t) = -t**3 + 2*t**2 + t + 656. Let p be h(0). What is the greatest common divisor of p and v?
41
Let c = -104 - -103. Let z be (43 + -32)*c*(-1 + 0). What is the greatest common divisor of z and 55?
11
Let u(j) = 897*j - 131. Let k be u(3). Suppose 47*w - 7*w = k. Let s(d) = 4*d - 4. Let c be s(5). What is the greatest common factor of w and c?
16
Let q(h) = -10*h + 1. Let v be q(-1). Let c = 145 - 143. Suppose c*o + 5*f - 181 = 0, 3*o - 4*f = o + 172. Calculate the highest common factor of v and o.
11
Suppose 216 = a - 137 + 28. Let f(z) = -14*z**3 - 2*z**2 + z + 2. Let h be f(-1). Calculate the greatest common factor of a and h.
13
Suppose -111 = -4*n + 137. Suppose 8*a + 2*m - 536 = 2*a, 0 = 3*a - 2*m - 301. Calculate the highest common divisor of a and n.
31
Suppose -3*d - d = -40. Suppose 0 = 5*n - d*n - w + 130, 0 = -4*w - 20. Let f be 2/(-4) - (-652)/8. What is the greatest common divisor of f and n?
27
Let a = 18 + 572. Let i = a + -543. Calculate the greatest common divisor of 1 and i.
1
Suppose -30*w + 19 = -161. Suppose 4*m + f = 275, -m - 330 = -w*m - 4*f. Let z be (30/9)/((-1)/(-3)). What is the highest common divisor of z and m?
10
Let m be (-3 + -433)*(6 + 0 + -7). What is the highest common divisor of m and 8?
4
Suppose 126 - 2898 = -7*d. Calculate the greatest common factor of 88 and d.
44
Let k be -14 - -11 - (-2 + 0 + 140). Let d = k - -165. Calculate the highest common divisor of d and 12.
12
Let a be (28/(-1) - -21) + 29*2. Calculate the highest common divisor of a and 357.
51
Let g = 8118 + -7614. What is the greatest common divisor of g and 630?
126
Let u = -1928 + 1934. Suppose 2*v - 3*i - 5 = 0, 3*v - 5*i - 8 = -i. What is the greatest common divisor of u and v?
2
Let y be ((-918)/(-72))/((-15)/(-2600)). What is the highest common factor of 85 and y?
85
Let y be 44/16 + 6/(-8). Suppose -5*l = -2*s + 4, y*s + 0*l + 3*l - 4 = 0. Suppose s*u - 55 = 21. Calculate the greatest common divisor of u and 418.
38
Suppose 3*c - 52 = -c. Let y(t) = -t**3 + t**2 + 2*t + 3. Let x be y(-2). Suppose x*g + 6 = c*g. What is the greatest common factor of 24 and g?
3
Suppose -267 = j - 2*j - 5*f, 3*j - 823 = -4*f. Let d = 292 - j. What is the greatest common factor of d and 40?
5
Let k = -10615 - -10647. What is the highest common factor of 2528 and k?
32
Let h be -1 + (28*6)/3. Let s = 87 + -879. Let q be (4/6)/((-48)/s). What is the highest common factor of q and h?
11
Suppose -3*y + 15 = 3*w, 14*y - 13*y = 5*w - 25. Suppose 2*c - 56 = 5*l + 21, w*c = -4*l + 110. What is the greatest common divisor of 208 and c?
26
Suppose -12*u - 11*u - 22*u + 219420 = 0. Calculate the highest common divisor of u and 53.
53
Let d = 92 + -88. Suppose -3*u + 87 = d*h, 60 = 3*h - 0*h + 4*u. What is the greatest common factor of h and 36?
12
Let d be (-4 + (-448)/(-4))*(5 - 9). Let r = d + 493. Calculate the highest common factor of r and 427.
61
Suppose 0 = -528*z + 527*z + 60. What is the greatest common factor of 1110 and z?
30
Let q(a) = -a**3 - 13*a**2 - 12*a. Let y be q(-12). Suppose 5*b - 115 + 100 = y. Calculate the greatest common factor of 6 and b.
3
Suppose -2*c - 3*s - 155 = 0, 5*s - 4*s = -4*c - 305. Let z = c - -78. Suppose -2*g + 94 = z*g + 2*v, 2*v = 6. Calculate the highest common factor of g and 11.
11
Suppose -5*r - 397 = -331*l + 327*l, -4*r = l - 136. What is the highest common factor of 6480 and l?
108
Let z be 4/30 + (-4198)/(-15). What is the greatest common divisor of z and 2744?
56
Let y(p) be the second derivative of -p**3/6 + 4*p**2 + 10*p + 1. Let i be y(5). Let r = i + 0. What is the greatest common factor of r and 18?
3
Let v = -13510 + 16615. Calculate the greatest common divisor of v and 54.
27
Let t be (-3)/4*-4*(37 - -40). What is the greatest common factor of t and 336?
21
Suppose -4*g + 4 = 0, -8*l + 90 + 58 = 4*g. What is the highest common factor of l and 128?
2
Let y = -47 - -82. Suppose -4*l = -15*l - 407. Let u = l + 44. Calculate the highest common factor of y and u.
7
Let z be ((-9)/(-6) + 2)*-2. Let r be (-63)/(-28) + (z/(-4) - 2). Let c be ((-5)/2)/((-1)/r). What is the highest common factor of c and 5?
5
Let w(n) = 2*n**2 - 9*n + 93. Let f be w(17). What is the greatest common factor of f and 370?
74
Let i = -154 - -133. Let l be (-249)/(-21) + (-3)/i. Suppose -l*y - 46 = -202. Calculate the highest common divisor of y and 169.
13
Let d be (-3 + -6 + 4)*-1 - -1013. Calculate the highest common divisor of d and 2.
2
Suppose -282 - 73 = -5*i + 5*k, 0 = -i + 3*k + 69. What is the highest common factor of i and 261?
9
Let v(p) = -2205 + 559 + 549 + p + 547 + 557. Suppose 6 = z + 5*t + 18, 5*z + 4*t = 24. Let r be v(z). Calculate the highest common factor of 3 and r.
3
Suppose 4*k - 2*h + 2293 - 3659 = 0, -3*k + 1024 = -2*h. What is the greatest common divisor of k and 4332?
114
Let q be (2 - -20)*18/4. Let s = -155 + 155. Suppose s = -h + 4, -4*c + 0*c - 2*h + 52 = 0. Calculate the greatest common divisor of c and q.
11
Let x be 50/15*1098/15. Suppose 2*f + x = 3*p, 3*p + 86 - 334 = 4*f. Suppose p*v - 156 = 77*v. What is the highest common divisor of v and 13?
13
Suppose 0 = -21*i - 7*i + 24 + 88. What is the highest common divisor of 109 and i?
1
Suppose 0 = -3*m - 4*m + 896. Let o = -105 + m. What is the highest common factor of o and 46?
23
Let x be 87/2*28/21. Let u = -17812 - -17899. Calculate the highest common divisor of u and x.
29
Let v = -207 - -196. Let l be (36/(-14))/(v/77). Suppose -4*f - 8 = 4*q, 5*f - 3*f - 5*q - 24 = 0. What is the highest common factor of f and l?
2
Suppose -5*z - 2106 = -3*n, 0 = -0*z - 5*z - 3*n - 2094. Let c = z - -868. Let s be c*(-4)/32*-4. Calculate the highest common factor of s and 32.
32
Suppose 76 = d + 5*g - 42, -d + 5*g + 128 = 0. Let r be ((-2256)/(-5640))/(1/205). What is the greatest common divisor of r and d?
41
Suppose -5*s = 14*s - 874. Let u be 10/35 - 166/(-7). Let b = s + u. What is